1 + -1 + (11 - 24 - -28) + 2.
17
Calculate 9 - (1 + -8 + 26 - 0).
-10
-5 - ((-5 - 12) + 9) - (21 - -2)
-20
Evaluate (-10 - 1) + (34 - 25).
-2
(31 - 17) + -24 + -15
-25
-25 + 4 - (-42 + 26)
-5
-34 + 1 + (-279 - -327)
15
Evaluate (1 - ((-9 - -20) + -9)) + -13.
-14
What is (-14 - 0) + -6 - (0 + (-8 - -2))?
-14
Calculate 7 - ((-10 - 15) + 18).
14
-27 + (-9 - -42) - 6
0
What is -18 + (-14 - -22) + 2 + -9?
-17
Calculate 29 - ((7 + -20 - 0) + 26).
16
What is the value of -7 - (2 - -6) - -12?
-3
Calculate 26 + 2 + (-10 - (0 - -4)).
14
Evaluate -5 + 0 + (6 - 1 - 9).
-9
Calculate 0 + (-14 - -6 - -4) + (-5 - 3).
-12
What is 10 - ((34 - 14) + -7)?
-3
Evaluate 5 + 1 + 5 + -2 + 3.
12
Calculate (-25 - -19) + 3 + 2 - (-2 + -11).
12
Calculate -1 + 5 - (13 + -2 + -12 + -20).
25
1159 + -1104 - (1 - -32)
22
What is the value of 4 + (3 - ((23 - 4) + -3))?
-9
What is (5 - 2 - -15) + (-18 + -4 - -28)?
24
(219 - 224) + (2 - -17)
14
What is (-83 - -70) + (47 - -1) + -3 + -4?
28
What is the value of 4 + 3 + -11 - 8?
-12
Calculate (6 - 19 - -19) + -4.
2
19 + 1 + (15 - (21 - 7 - -4))
17
What is the value of 1 + 3 + 2 + -27 - (-2 + -2)?
-17
What is -5 + (7 - (3 + 3) - 2) + -4?
-10
3 + (7 - 13) + -6 + -3
-12
Evaluate 5 + (-4 - (-5 - 5)).
11
Evaluate 21 + -25 + -4 - -25.
17
-1 - ((-125 - -113) + (-1 - -3))
9
Calculate -16 - (1 - (10 - 5)).
-12
-23 + 44 - (14 - 5)
12
0 + -2 + (-3 - -4) - (-195 - -206)
-12
What is 2 + -2 - (19 + -14) - 16?
-21
Calculate (18 - 36) + 26 - (1 + -1).
8
What is 24 + -16 + (-4 - 13)?
-9
What is the value of -4 + 3 - -12 - (-3 + (2 - -5))?
7
What is the value of -2 - -30 - 3 - (-41 - -55)?
11
Calculate -378 + 356 - (2 - 40).
16
Evaluate (43 - 28) + (-24 - -2).
-7
What is the value of 66 - 50 - ((-1 - 1) + 52)?
-34
Evaluate (-7 - -9) + 6 + -13.
-5
12 + (-7 - 5 - -6) + (-1 - -3)
8
Calculate -9 - (-13 - -12 - 11).
3
What is -6 - (-24 - (-17 - -22))?
23
2 - -13 - (14 + -3 - 8)
12
Calculate (16 + -8 - 27) + -1.
-20
-3 + -40 + 5 + -10 + 10 + 11
-27
Evaluate -6 - (-1 - (12 + -9)) - -2.
0
What is the value of -10 + 1 - (36 + -22 + -23)?
0
What is the value of 2 - -22 - (-425 - -432)?
17
What is the value of 12 + 1 + (0 - -11) + -22 + -30?
-28
Evaluate (-230 - -215) + 1 + 21.
7
Calculate -15 - (1 + -18 + 0).
2
Calculate 7 - ((2 - 6) + 2 + 2 + 1).
6
What is the value of 32 - 3 - 24 - (-7 - 1)?
13
What is the value of (0 + 0 - (-9 - (1 + -2))) + -5?
3
Evaluate (-18 - 5 - (2 - 1)) + 13.
-11
Evaluate 3 + -3 + 15 + -10.
5
Evaluate -16 + 7 + -8 + 12 + 24.
19
What is the value of -1 + (8 - 4) + -6 + 5?
2
20 - (-14 + 26 - -13)
-5
Calculate (-167 + 6 - -170) + (1 - (-1 + -20)).
31
Calculate 0 + (-7 - (-27 + 14)) + (-1 - -12).
17
What is the value of -13 + (5 - (-22 + 18)) + -11?
-15
What is the value of -8 + (-2 - -5) - (46 + -45)?
-6
What is the value of 4 + -16 + (12 - 4) - 4?
-8
What is the value of -1 + 26 - (-10 + 18 - 0)?
17
(2 - (12 - 0)) + 38 + -19 + -19
-10
What is the value of (-3 - -2 - (-25 + 27)) + 13?
10
0 + 1 + -33 + 23
-9
Calculate (1 - 0) + -1 + 22 + 1 + -38.
-15
What is (-70 - -78) + -11 + 3 + -1 - -9?
8
26 - (-21 + 36) - (39 - -2)
-30
Calculate (20 - (67 - 24)) + 49.
26
What is -22 + 0 - (8 - (-6 - (2 - 18)))?
-20
(-2 - 15) + 22 - 1
4
What is the value of -9 - (0 - -11 - (10 - (8 + -4)))?
-14
Calculate -14 + 28 + -2 + -13.
-1
Evaluate -1 + (10 - (-16 + 42)).
-17
What is (-29 - -35) + -33 + 18?
-9
What is the value of (-5 - 10) + -56 + 60?
-11
Calculate 4 + (0 - 3) - (29 + -24).
-4
What is 7 + -2 - -11 - 2?
14
What is the value of -10 + 19 + -1 + -31 + 8?
-15
(6 + 14 - -1) + -6 + 0 + 0
15
Evaluate -2 + 5 + -7 + 4 + 0 + 0.
0
Evaluate -2 - (0 - -2) - (64 + -73) - -9.
14
What is the value of 1 - (-8 - (4 + -8)) - (2 + 7)?
-4
What is (-2871 - -2877) + -10 + 1 + (0 - 0)?
-3
What is -6 - (9 + -8 + 13 + -7)?
-13
Calculate 5 - (-18 - (-8 - 7)).
8
What is (-7 - (-1 + -7 + 4)) + 4?
1
(-8 - -15) + (-15 - -5) + 0 + 3
0
Calculate 7 + 4 + -5 + 1 + -17.
-10
Calculate (-6 - -2) + 1 - (1590 + -1594).
1
-1 + 0 + 9 + (12 - 15) + -14
-9
What is 6 + 21 + -43 + 16?
0
18 + (-8 - -37) + -24
23
(1 - (2 - 4)) + (-46 - -40)
-3
What is (12 - (33 - 17) - 8) + 44?
32
(3 + 4 - 5) + 18 + -3
17
Calculate (20 - -29 - 72) + 0 + 1 + 7.
-15
Evaluate 14 + -3 + -8 - 2.
1
What is the value of -11 + 15 + -4 + 9?
9
What is (-28 - -4) + -2 + (-33 - -13 - -13)?
-33
Calculate 234 - 208 - (3 - 0).
23
Evaluate 25 - (-3 + (-11 + -1 - -21)).
19
What is the value of (-50 - -35 - 2) + 23?
6
Evaluate 2 + 10 - 28 - -21.
5
What is (-38 - -32) + -20 + 27?
1
Evaluate (-12 - (-3 + 1)) + 27 + -29.
-12
What is the value of (-3 - 3) + -6 - (22 - 12)?
-22
Calculate -8 + 13 + (-22 - -18).
1
What is the value of (0 - 0) + (-29 - -16 - -23)?
10
Calculate -3 + -14 + 3 + 8.
-6
What is (109 - 62) + 0 + -29?
18
What is the value of -12 - -16 - (-3 + 6 + (9 - -5))?
-13
What is the value of 10 + 10 - (6 - 1)?
15
Calculate -14 + 22 - 7 - 17.
-16
What is 0 + 3 + (76 - 75)?
4
Calculate -18 + 0 + -4 + -1 + -1 + 8.
-16
Calculate 19 + (-13 - (8 - 9 - 6)).
13
Calculate 6 + -11 + -7 - -11.
-1
Calculate 6 + -4 + 3 + (-1 - 13 - 1).
-10
What is the value of -12 - (-27 - (-11 - (3 + -1)))?
2
What is the value of (4 + 0 - 7) + -3 - -3?
-3
Calculate (40 - 9) + -9 + -31.
-9
(5 - (3 + 0) - -3) + -6
-1
Evaluate 24 - (18 - 6) - 11.
1
Calculate 9 + (-11 + -12 - -15).
1
What is the value of -13 - (0 + 2 + (-4 - -5))?
-16
What is (-21 - -12) + 1 + 1 + -4?
-11
-10 + (-1 - -20) - (14 - -1)
-6
What is the value of -81 + 85 + (-8 - 2) + -5?
-11
What is the value of (5 - 9 - 12) + 10 + -3?
-9
Calculate (-42 - (-50 - -2)) + 25.
31
Calculate 4 + -1 + (-18 - -19) - -5.
9
What is the value of 21 + (41 - (90 + -3))?
-25
Calculate 37 + -102 + 32 + 29.
-4
Calculate 108 + -12 + -73 + -4 + (-1 - -1).
19
What is the value of -8 - ((4 - 19 - -6 - -26) + -3)?
-22
What is the value of 7 - ((-5 - 4) + 6 + 17)?
-7
What is the value of 8 - (3 + 10 - 20)?
15
What is the value of 27 + -7 + 5 + (6 - (8 + -3))?
26
What is the value of (3 - 2) + -184 + 173?
-10
Calculate -1 - -16 - (-29 + 35).
9
Evaluate -68 + 57 - (-7 - 2).
-2
Evaluate 4 + -32 + 7 + (-5 - 2) - 3.
-31
What is the value of 10 - (29 + (9 - 15) + (-14 - -4))?
-3
Calculate 8 + -18 - -43 - 4.
29
What is (23 - -5 - 11) + -23?
-6
What is the value of -46 - (-6 - (4 - -7))?
-29
Calculate 6 + 6 - (-2 - -9 - 2 - 13).
20
What is (-15 - (7 - 38)) + 2?
18
11 + -2 + -7 + 1 + -15
-12
What is (-878 - -886) + 2 + -1?
9
Calculate -3 + (5 - -2) - (7 - 8).
5
What is the value of -314 + 298 + (17 - (0 - -4))?
-3
Evaluate 8 + (-1 - -5) - (-34 + 38).
8
Evaluate 9 + (-9 - 2) - (7 - 7) - -10.
8
What is 5 + -10 + 5 + 3?
3
What is 8 - (-6 + 6 + -6 + 1)?
13
Evaluate -2 + (1 + -7 - -2) - (-6 + -19).
19
What is 3 + ((-5 - -4) + 5 + -5 - -2)?
4
Evaluate (-2 - (3 + -2)) + -3 - (-7 - -2).
-1
What is the value of (12 + -20 - -3) + -5 + 27?
17
What is -162 + 170 + -13 + -1 + (2 - 3)?
-7
What is (22 - 0 - 14) + -18?
-10
What is the value of 35 - (-11 + (21 - -10 - 7))?
22
What is -17 - (10 + (2 - (10 + 10))) - -27?
18
What is -5 - 19 - (4 - 15) - 1?
-14
Evaluate (-4 - -13 - (0 - -3)) + 6 + 0.
12
What is 5 + (11 - (8 - 7 - (3 - 1)))?
17
-2 - (11 + -9 + -3 + -31 - -8)
22
Calculate -98 - -83 - (1 - 12).
-4
What is the value of 28 + -9 + -30 - (9 - 1)?
-19
Calculate -1 + -9 - (16 + 12 - 17).
-21
Calculate -1 + 4 + 7 + 4 + -8.
6
What is 6 - (5 - (1 + 3) - 4 - -5)?
4
0 - (-6 + 2 + (12 - 9))
1
Evaluate 12 - 22 - (-23 - (14 + -7 - 12)).
8
1 - (-11 - (2 - 1)) - 2
11
-6 + 20 + 12 + -22
4
-58 + 77 + 1 + -11
9
1 + 25 - 3 - 11
12
Calculate (3 - 2) + (-5 - (-4 - -3) - 4).
-7
Evaluate (0 - -4) + (17 - -1) + -33.
-11
What is (-125 + 84 - -12) + (0 - -5)?
-24
What is the value of -7 + -27 - -9 - -8?
-17
Evaluate (-2 + 6 - (-25 - (20 - 38))) + -6.
5
What is the value of (-18 - -20 - 11) + 12?
3
29 - 1 - (-414 - -455)
-13
What is the value of -30 + 50 - (12 - ((-3 - -4) + 2))?
11
What is the value of (6 + -4 - -15) + -15?
2
What is the value of (-31 - (-24 - -20)) + 19?
-8
What is -40 + (3 - -18) + 45?
26
Calculate 5 + (-3 - 2 - -7) + -7 - 0.
0
Evaluate (-10 - 2 - (26 - 61)) + 4.
27
What is the value of -6 - ((60 - 56) + 1 + -2 - 6)?
-3
What is the value of -2 - -10 - (21 + -21 + -4)?
12
Evaluate -6 - ((2 - -7) + 5 + -5) - -5.
-10
Calculate -5 + 